?
40
Let h(w) = 24*w + 7. Let k(t) = 7*t + 6. Let o(b) = -20*b - 20. Let p(d) = 7*k(d) + 2*o(d). Let c(f) = -4*h(f) + 11*p(f). What is c(5)?
9
Let y(v) = 19*v**2 + 6*v - 9. Let k(r) = 6*r**2 + 2*r - 3. Suppose 8 = -2*s + 4*w, 3*s + w = 9 - 0. Let q(l) = s*y(l) - 7*k(l). Give q(1).
-3
Suppose -14*m = -228 - 444. Let l(u) = -1 - 25*u - u**2 - 25*u + m*u + 6*u**3. Determine l(-1).
-6
Let z(k) = -k**2. Let i(s) = s**3 - 10*s**2 - 4*s - 4. Let q(x) = i(x) - 6*z(x). Let c = 1812 + -1807. Calculate q(c).
1
Let m be (342 - 329) + -13*1. Let o(g) be the third derivative of 0 + m*g + 0*g**4 + 1/60*g**5 - 12*g**2 + 7/6*g**3. What is o(0)?
7
Let y(o) = 17*o - 100. Let s = 5933 - 5927. Give y(s).
2
Let r be -1 - (-9)/21 - (-1128)/14. Suppose 92 = 4*l + r. Let x(z) = z - 2. What is x(l)?
1
Suppose -x + 3 = -0. Let d(z) = 1 - 4 - 2*z**2 + 13722*z - 6860*z + z**3 - 6863*z. Calculate d(x).
3
Let g(b) be the first derivative of -9*b**2/2 + 2*b + 13. Let n(z) = 19*z - 4. Let k(f) = 5*g(f) + 2*n(f). Determine k(-5).
37
Let j(y) be the second derivative of -y**5/20 - 5*y**4/12 - y**3 + 2*y**2 - y - 476. What is j(-3)?
4
Let z(w) be the first derivative of 7*w**3/3 + 7*w**2/2 + w - 8619. Determine z(-3).
43
Let k(n) = -2*n**3 + 222*n**2 + 1908*n + 12. Let f be k(-8). Let y(c) = c**3 + 21*c**2 + 18*c - 6. What is y(f)?
34
Let f(t) = -t**3 + 4*t**2 - 4. Suppose 7*m - 106 - 23 = -36*m. Determine f(m).
5
Let f(j) = -125*j**3 + 117 - 226*j + 317*j + 124*j**3 - 26*j**2. Calculate f(-29).
1
Let o(n) be the second derivative of n**5/20 - 3*n**4 - 3*n**2 - 3*n + 1. Let c be o(36). Let f(r) = 2*r**2 + 6*r - 8. What is f(c)?
28
Let a(q) be the first derivative of q**2/2 + 2*q + 2. Let w(b) = -8*b - 11. Let c(x) = 5*a(x) + w(x). Give c(-2).
5
Suppose 87*w + 187 = 166*w - 90*w. Let u(c) = 25*c + 428. Calculate u(w).
3
Suppose 2*a - 4*g = 38, 53*a - 71 = 48*a + 2*g. Let b(v) = 9*v - 119. Determine b(a).
-2
Let p(v) = v - 9. Let l be p(8). Let i be (-3)/3*-1 - (l + 1). Suppose w - 3 - 2 = -3*d, -2*d - 3*w = -i. Let m(c) = -5*c + 1. Calculate m(d).
-9
Let z be (0/5)/(-1*5). Let b(x) = 2*x + z - 3*x + 3. Give b(-3).
6
Let j = 191 - 186. Let w(a) = -15*a + 8. Let d(i) = -8*i + 4. Let k(x) = 11*d(x) - 6*w(x). Give k(j).
6
Let a(q) = 2*q - 224 + 466 - 243 - q**3 - 2*q**2. What is a(1)?
-2
Suppose -2*a + 4*a = 4. Let l be a/(-8) - 729/(-36). Suppose 0 = y + 4*y - l. Let w(v) = v**3 - 6*v**2 + 3*v. What is w(y)?
-20
Let a(q) = -2*q + 9. Let d(b) = -4*b + 32. Let n be d(-11). Let m = n + -74. Suppose -k - 5*v + 14 = -12, -8 = m*k - 5*v. What is a(k)?
-3
Suppose 3*y = -j + 11, -1 = -4*y - 3*j + 7. Suppose 12*a = 17*a + y. Let i(w) = -22*w. Calculate i(a).
22
Let v(p) = -5*p**2 + 32*p + 15. Let h = 1595 + -1588. Calculate v(h).
-6
Let f = 13 - 0. Suppose -f*i = -0*i + 39. Let b be (i/(-12)*2)/(3/30). Let w(s) = s**2 - 4*s - 6. Give w(b).
-1
Let g(a) = 6*a**2 - 15*a + 27. Let i(l) = -4*l**2 + 10*l - 19. Let j(w) = 5*g(w) + 7*i(w). Suppose 3*k + 2*k + 100 = 0. Let s = k + 23. What is j(s)?
5
Let a(m) = -2*m**2 - 2*m + 1. Suppose 5*t = 3*q + 23, 2*q + 6 = -3*t + 5*t. Suppose t*h - 35 = -112. Let n = 12 + h. What is a(n)?
-3
Let d(f) = f**3 - 37*f**2 + 27*f + 324. Let w be d(36). Let i(a) = -a**3 + 2*a**2 - 3*a + 1. Give i(w).
1
Let t(o) = -822*o**3 + 821*o**3 + o + 85 - 27 + 19. What is t(0)?
77
Let n(q) = -32*q. Let v(x) = 164*x + 113. Let r(s) = 5*n(s) + v(s). What is r(-30)?
-7
Let h(b) = 4*b**3 - b**2 + b + 1. Let l(y) = -y**3 - 6*y**2 - 7*y + 3. Suppose 2*c + 2*c + 112 = 0. Let p be 6/(-21) - (-104)/c. Let f be l(p). What is h(f)?
-5
Let k(w) be the second derivative of -w**4/12 - 8*w**3/3 - 2*w**2 + 157*w + 2. Give k(-12).
44
Let m(y) = 0*y + 0 + 2 + y. Let f = -77 + 234. Let x = 150 - f. Determine m(x).
-5
Let w be (27/(-15) + -1)*-5. Suppose -w = 2*f - 58. Let h(c) = -c**3 - 3*c - 7*c**2 - 3*c - 30 + f. Determine h(-6).
-8
Suppose 0 = 21*f + 21 + 21. Let n(d) = d**3 + 3*d**2 + d + 6. Let i(t) = -2*t**2. Let b(k) = f*i(k) - n(k). Determine b(0).
-6
Suppose 0 = -p + 2*h + 1, -p + 3*p - 4 = 2*h. Let g be -2 - 1 - (p - 5). Let w(k) = 14*k**3 - 2*k**2 + 1. What is w(g)?
-15
Let x(p) = -3*p + 51. Let w(j) = -7*j + 113. Let b(s) = -6*w(s) + 13*x(s). Determine b(13).
24
Let u(f) be the third derivative of -f**5/60 + f**4/3 - 5*f**3/6 - 27*f**2 - 46*f. Let c be 2/(((-2)/2)/(-12)). Suppose 3*p = -p + c. Determine u(p).
7
Let w(a) = -4*a - 11. Let o(m) = -5*m - 10. Let l(j) = 5*o(j) - 6*w(j). Suppose -3*x + 15 = -0*x, 0 = 2*y - 5*x + 65. Let k be 22*1*5/y*-2. Calculate l(k).
5
Let b(h) = h**2 + 4*h + 4. Suppose 15*f + 345 = -1485. Let l = f + 118. What is b(l)?
4
Suppose -32*y + 31*y = 1. Let f be (y + 0/1)*-3. Suppose s - 4*b - 6 = 0, 0 = -s + 6*s + f*b - 30. Let q(k) = -k**3 + 7*k**2 - 7*k + 9. What is q(s)?
3
Let u(d) = -183*d + 96*d + 160*d**2 - 159*d**2 - 21 + 101*d. Give u(-13).
-34
Let h be -10 + -74 - (-1 + 1). Let p be 1/((-3)/h*4). Let u(o) = 5*o + 2*o - 12*o + o**2. Determine u(p).
14
Let q = -6 - -3. Let p(n) = n**3 + 2*n**2 - n + 2. Let w = -172 - -171. Let x(m) = 1. Let c(d) = w*p(d) + 2*x(d). Determine c(q).
6
Let u(d) = -2*d + 2. Let p(g) = g**2 - 4*g + 4. Let q(o) = 3*p(o) - 5*u(o). Let t(y) = 145*y + 867. Let z be t(-6). Calculate q(z).
35
Suppose 3*q - 2 - 22 = 0. Let j be (28/q + -3)*-12. Let i(c) = -1 - 3*c - 2 - 2*c + 4*c. What is i(j)?
3
Let c(v) be the third derivative of v**5/20 - 7*v**4/8 + 4242*v**2. Determine c(9).
54
Let h = 0 + -1. Let o be (-2494)/(-609) - (-4)/(-42). Let q(f) = -15*f - 4. Let j(p) = -287*p - 77. Let w(z) = o*j(z) - 77*q(z). Determine w(h).
-7
Suppose 391*v + 1586 = 413. Let z(i) = -53*i - 160. Calculate z(v).
-1
Let v = -256 + 277. Let f be (0 - 2)*2 - (v - 31). Let x(y) = -y**2 + 6*y + 4. Give x(f).
4
Let o be (-3)/7 - ((-744)/(-21))/(-8). Let v(z) be the second derivative of 1/2*z**o - z**2 - 1/3*z**3 + 4*z + 0 + 1/20*z**5. Calculate v(-6).
10
Let j = 29 + -17. Let c(k) = 36*k - 6 - 14*k - j*k - 15*k. Give c(-5).
19
Suppose -23 = 4*j - 3*u - 17, j - u = -1. Let c(f) = 10*f + 1. Give c(j).
-29
Let t = 100 - 92. Suppose -t*v - 5*v = 26. Let u be -1 + v/(-3)*99/22. Let l(s) = s**2 - s - 2. Calculate l(u).
0
Let m(r) = -r**2 + 229*r - 454. Let h be m(2). Let v(g) = -g**3 - 2*g**2 - g + 52. Calculate v(h).
52
Let c(v) = -3*v + 72. Suppose 0 = -14*g + 413 - 105. Let y be c(g). Let q(w) = -w + 3. Give q(y).
-3
Let m(k) be the third derivative of -13*k**4/24 - 61*k**3/3 + 9216*k**2. What is m(-10)?
8
Let y be (-18)/30 + 118*2/10. Suppose y - 2 = b. Let m(a) = 1 + 40*a**2 + 3*a - 18*a**2 - 2 - b*a**2. Determine m(-4).
3
Let s(g) = g**2 - g + 8. Let b be 2 + 6 + (-2 - 2). Let m be 1/((-1)/11*-1). Suppose 3*f = m*f + b*f. Determine s(f).
8
Let q(d) be the second derivative of d**5/10 - 11*d**4/6 + 3*d**3 + 23*d**2/2 - 14*d + 1. Let v be q(10). Let l(p) = p + 7. Give l(v).
10
Let s(k) = 4*k**2 + 11*k - 12. Let a be s(-7). Let j = -93 + a. Let i(m) = -16*m - j*m + 32*m + 0 + 3 - m**2. Calculate i(-3).
-12
Suppose 29*p + 0*p = p - 168. Let o(g) = g + g**2 - g + 5 + 9*g. Calculate o(p).
-13
Let u(o) = 2 - 5*o**2 + 0*o**3 - 2*o + 5*o + o**3. Let k = -80 + 91. Suppose t - 10 - 15 = -5*f, -4*f = -t - k. Determine u(f).
-2
Let u(s) = 5*s**3 - 18*s**2 - 15*s + 6. Let p(q) = 14*q**3 - 55*q**2 - 47*q + 17. Let f(b) = 4*p(b) - 11*u(b). Let y be f(23). Let d(v) = 4*v - 3. What is d(y)?
5
Let j(y) = 3*y**3 + y**2 + 3*y + 4. Let c(w) = w**2 - 73*w + 778. Let n be c(60). Determine j(n).
-22
Let a be 8/(-6 - 2) + -41. Let i be (7 - 78/12)/((-3)/a). Let u(t) = -t + 8. What is u(i)?
1
Let m(k) be the first derivative of k**3/3 - 21*k**2/2 + 10*k + 4443. What is m(16)?
-70
Let s(j) = j**2 + 39*j + 33. Suppose 2*n + 2*k + 78 = 0, -5*n = 2*k + 192 - 0. Let x be s(n). Let m(o) = o + 2. What is m(x)?
-3
Let w be (168/28)/(2 + 1). Let d(n) = -w - 1 - 2 + 0*n + 84*n**2 - 85*n**2 - 9*n. Let m(g) = g**2 + 11*g + 12. Let j be m(-9). What is d(j)?
13
Let u = 455 + -295. Let y = -158 + u. Let j(w) = w**2 - w - 1. Calculate j(y).
1
Let m(h) = -3*h**2 - 20*h + 4. Let o be m(-6). Let b(n) = 3*n - 33. Let g be b(o). Let l(j) = 4*j + g*j**2 - 14*j**2 - 2 - 2*j. Determine l(-2).
-2
Let c(g) = -49*g**2 - 443*g - 13. Let t be c(-9). Let q(l) = 2*l**2 - 2*l - 16. Give q(t).
24
Let k(r) = 36